(f) = -4*h(f) - o(f). Let l(s) = 61*s - 1886. Let c be l(31). Determine m(c).
0
Suppose 4*i = -0*i. Let u = i + -3. Let d(q) be the third derivative of -q**5/60 - q**4/24 + q**3/2 + 1330*q**2. Calculate d(u).
-3
Suppose 3*b - x - 1461 = -296, -1560 = -4*b - 2*x. Let l = -390 + b. Let a(t) = 3*t - 1. Calculate a(l).
-4
Suppose 0 = 22*f - 33*f - 68*f + 316. Let q(m) be the third derivative of 0*m + 0 + 0*m**3 - 1/24*m**f - 10*m**2. Determine q(8).
-8
Let m(v) = -24*v**3 - 16*v**2 + 11*v - 31. Let b(g) = -5*g**3 - g**2 + g - 1. Let w(j) = 5*b(j) - m(j). What is w(11)?
-40
Let l(c) be the first derivative of 11/2*c**2 - 13 - 1/3*c**3 - 8*c. Give l(11).
-8
Let n(l) = 2*l**2 - 76. Let y be (-28)/3*(2 + (-1 - 77/44)). Give n(y).
22
Let q(n) be the third derivative of -n**5/60 - 7*n**4/12 - 35*n**3/6 - 3326*n**2. Give q(-9).
10
Let j = -17 - -15. Let b be (j + 0)/((-36)/(-90)). Let s(d) be the third derivative of d**5/60 + d**4/4 + d**3 + 5*d**2. Give s(b).
1
Let u be 7 + -8 + -2 - -10. Let f(a) = 5*a**3 - 4*a**2 + 9 + 10*a - 4*a**3 - u*a**2. What is f(10)?
9
Let z(m) = -m**3 + 16*m**2 - 32*m. Let w be 38/9 + (-148)/37 - 230/(-18). Determine z(w).
91
Let r(d) be the third derivative of -d**4/24 - 13*d**3/6 - 742*d**2. Give r(-14).
1
Let n(v) be the third derivative of -v**4/24 + 3*v**3 + 161*v**2 - 8*v. Give n(10).
8
Let c(t) = -t**2 + 27*t - 158. Let s be c(18). Let b(k) = -2*k**2 + 4*k + 21. What is b(s)?
5
Let k(x) = -33*x - 36. Let n(h) = -35*h - 34. Let j(d) = -5*k(d) + 4*n(d). Determine j(-2).
-6
Suppose -5*z - 21 = x, -z + 0 = -x + 9. Suppose 5 = -x*o + 21. Let p be 5 - (0 - (-5 - o)). Let g(f) = -f**2 - 3*f - 6. Calculate g(p).
-10
Suppose -205*t = -541 - 279. Let d(n) = -n**2 + 4*n - 6. What is d(t)?
-6
Let t(y) = 7 + 1726*y**2 - 885*y**2 - y**3 + 3*y - 839*y**2. Determine t(5).
-53
Let h(c) be the first derivative of 0*c**2 - 9*c + 2 + 1/6*c**3. Let p(k) be the first derivative of h(k). Give p(2).
2
Let l be (-60)/50 + (-160)/(-50). Let m(v) = -16*v**2 + 7*v. Determine m(l).
-50
Let r(p) = 2*p**2 + 10*p - 16. Let l = 2233 - 2241. Calculate r(l).
32
Let f(j) = -j**2 - 37 + 32 - 26 - 14*j. Let l be f(-4). Let m(a) = a**2 - 8*a - 2. What is m(l)?
7
Let q(f) = f. Let j(l) = -l - 3. Let k(m) = -j(m) + 3*q(m). Suppose 0 = d + n - 80, n - 5*n + 12 = 0. Let p = d + -79. What is k(p)?
-5
Let x = 57 + -56. Let z be (0 + 0)/(-3 + 3 + x). Suppose 0 = -2*f + h + 27 - 6, z = f + h - 3. Let y(i) = i**2 - 8*i + 5. Calculate y(f).
5
Let f(u) = u**3 - 7*u**2 - 6*u + 5. Let h(s) = 46*s + 8. Let g be h(-4). Let l = -168 - g. Calculate f(l).
21
Let k(g) = -3*g**2 - 71*g + 39. Let b be k(-24). Suppose 0 = 10*s - b*s + 70. Let z(x) = 2*x - 21. Determine z(s).
7
Suppose 5*i + 12 + 9 = -2*g, 5*i = -g - 23. Suppose -4*n - 4*o = 0, -9*n + g*o = -10*n + 5. Let k(b) = -b**3 - 3*b**2 + 9*b - 4. Give k(n).
1
Let c(k) be the third derivative of k**5/60 - 5*k**4/24 - k**3/2 + 1269*k**2. Suppose 5*v + 24 = v. Let l = v - -10. Determine c(l).
-7
Let x(o) = -2*o**2 - o + 80. Let k be x(6). Let n(s) be the third derivative of -4/3*s**3 + 0 + 0*s - k*s**2 - 1/24*s**4 - 1/60*s**5. What is n(0)?
-8
Let q(r) be the first derivative of -5*r**2 - 48*r - 30. Calculate q(-7).
22
Suppose -3*h + 24 = -t, 24*t = 15*h + 23*t - 120. Let r(g) = -g**3 + 7*g**2 + 8*g - 3. Give r(h).
-3
Let z(x) = -3*x**3 + 4*x**2 + 3. Let l(s) = s**3 - 3*s**2 + 5*s - 8. Let j be l(2). Let m(f) = 10*f**3 - 13*f**2 - 10. Let k(r) = j*m(r) - 7*z(r). What is k(2)?
-1
Suppose 41*y - 8 = 484. Suppose -20 = 5*u + 3*s, -4*u + y*s - 13*s = 9. Let w(q) = -4*q**2 + 1. What is w(u)?
-3
Let j(m) = -4*m**2 + 8*m + 8. Let k(b) = -5*b**2 + 8*b + 8. Let r be (-12)/(-21) - 24*(-12)/(-63). Let o(u) = r*j(u) + 3*k(u). Calculate o(9).
1
Let h(s) = 31*s**2 + 11*s + 25. Let a(q) = 25*q**2 + 10*q + 21. Let b(d) = 5*a(d) - 4*h(d). Calculate b(4).
45
Let d be (-4 + 9 - 2)/3. Let y = d + 32. Let x = 28 - y. Let c(k) = k + 8. Calculate c(x).
3
Let m(y) = y**2 + 2*y + 4. Let w be -2*(-2)/40 - 75/750. What is m(w)?
4
Let d(v) be the third derivative of -5*v**4/6 + 16*v**3 - v**2 + 6*v + 1. What is d(5)?
-4
Let u = -77 + 79. Let x(w) = 13*w**3 - 4*w**2 + 3*w. Determine x(u).
94
Let j(i) = i**2 + 5*i - 1. Let p(h) = 5*h**2 - 35*h - 605. Let n be p(-8). What is j(n)?
-1
Suppose -2355*v + 2333*v = -66. Let j(k) be the second derivative of -1/2*k**2 + 1/6*k**v + 0 + 14*k. What is j(-9)?
-10
Let c(u) = u**3 + 9*u**2 + 15*u + 26. Let h = 3704 - 3712. Give c(h).
-30
Let b(w) = 7 + w**2 - 4*w - 2 + 11*w. Suppose 6*n + 39 = 153. Let f be (16/(-6))/(n/(285/10)). Calculate b(f).
-7
Let c(r) = -2*r**3 + 5*r**2 - 2*r - 4. Let k(j) = 3*j**3 - 10*j**2 + 4*j + 8. Let b(f) = 5*c(f) + 3*k(f). Let g = -519788 + 519782. Calculate b(g).
28
Let n(k) = 59 - 14 - 34 + 3*k. What is n(-14)?
-31
Suppose -12 = 277*h - 273*h. Let n(y) = -2*y**2 - 3*y. What is n(h)?
-9
Suppose 2*t + 12*n - 9*n = 64, 3*t - 2*n - 83 = 0. Let a(u) = u**2 - 25*u - 121. Determine a(t).
-5
Let z(l) = l**2 - 14*l - 20. Let w = 1856 - 1840. Calculate z(w).
12
Let d(w) = -7*w**2 - 14*w**2 - 651*w**3 + 652*w**3 + 5*w**2 + w - 16 - 5. Give d(16).
-5
Let g(l) be the first derivative of 5*l**2 - 2*l + 521. Give g(-4).
-42
Suppose -g - 1 = 4. Let x(y) be the second derivative of y**3/2 + y**2 - 131*y - 1. Give x(g).
-13
Let f(o) = -1159*o. Let p(s) = 45*s + 6. Let c(v) = -42*v - 5. Let y(x) = 6*c(x) + 5*p(x). Let k(t) = -4*f(t) + 171*y(t). Give k(-1).
-19
Let o(p) = 19*p**3 + 2*p**2 - 2*p + 1. Let x be (-2)/2*2*-28. Let q be 3/(-4 - (-236)/x). Suppose -15 = -i - q. What is o(i)?
20
Let k = -93 + 89. Let r(i) = -i**2 - i - 1. Let v(a) be the first derivative of -2*a**3/3 - 3*a**2/2 - 6*a + 11. Let n(s) = k*r(s) + v(s). Determine n(2).
8
Let q be 6/(-4) + 6/4. Let d(x) be the second derivative of -x**5/20 + x**4/12 + x**3/6 - 6*x**2 - 17778*x. What is d(q)?
-12
Let g(j) = -3*j + 5. Let d be ((-2)/2*-1)/(3/(-216)). Let r = -78 - d. Calculate g(r).
23
Let h(d) be the second derivative of -d**4/3 + d**3/2 - 9*d**2/2 + 2*d - 19. Let o(m) = -10 - m - 5*m**2 + 2*m + 2*m. Let r(i) = 4*h(i) - 3*o(i). What is r(4)?
-10
Suppose 133*s + 8717 = -246*s. Let l(u) = u**2 + 23*u - 67. Calculate l(s).
-67
Let j(g) = 48 + 44 - 145 + 58 + 17*g + 3*g**2. Determine j(-7).
33
Let i(k) be the second derivative of k**5/20 + k**4/3 + k**3/3 + 3*k**2 + k + 54. Let j = -161 - -157. What is i(j)?
-2
Let c(x) = -1891 + 127*x - 159*x + 1987. Calculate c(3).
0
Let y(n) be the second derivative of -n**4/12 + 6*n**3 - 159*n**2/2 - 995*n. What is y(5)?
-4
Let k(j) be the third derivative of j**6/120 + j**5/30 - 5*j**4/24 - 5*j**3/6 - 1283*j**2. Give k(-5).
-55
Let b(k) be the first derivative of -7*k**4/24 - 7*k**3/6 - 20*k**2 + k + 220. Let m(c) be the second derivative of b(c). Calculate m(5).
-42
Let g(p) = -2*p**2 - 99*p + 202. Let h be g(2). Let m(t) = -8*t**2 - 8*t - 1. Let k(a) = -17*a**2 - 16*a - 2. Let b(z) = -6*k(z) + 13*m(z). Calculate b(h).
-1
Let o(c) = c**2 + 7*c - 1. Let p be (-196)/(14 + -12) - 2*-1. Let v be p/36*6*(-2)/(-8). What is o(v)?
-13
Suppose -34*g = -31*g - 6. Let w(h) = 4 - 12 + 4 - h**2 - g. What is w(5)?
-31
Let s(c) = -3*c + 9. Let b(d) = d**3 - d**2 - 33*d + 12. Let g be b(6). What is s(g)?
27
Let h = -99 - 22. Let i = -121 - h. Let c(x) = x**2 - x + 6. What is c(i)?
6
Let a(o) = 3*o + 15. Let x be 4*(63/12 + -4). Let i(q) = 5*q + 22. Let b(n) = x*i(n) - 8*a(n). Give b(5).
-5
Suppose -2*a - 14 = -22*a + 13*a. Let p(n) be the third derivative of -1/3*n**3 + 0*n + 0 + 1/24*n**4 - 10*n**a. Give p(3).
1
Suppose -a - 394 = -3*a. Suppose 0 = 5*o + 17 - a. Let l = o + -31. Let i(z) = z**3 - 5*z**2 + 2*z - 6. Give i(l).
4
Suppose 396*y + 958 + 1022 = 0. Let j(p) = -14*p - 37. What is j(y)?
33
Let z = 31 + -29. Let k(g) = -18*g**2 + g - 17. Let a(q) = 21*q**2 - q + 20. Let d(i) = 5*a(i) + 6*k(i). Determine d(z).
-12
Let k(v) = v + 1. Let a = 10 + -8. Suppose a*o + f + 3*f - 46 = 0, -o - 3*f = -24. Suppose 6 - o = 5*w. What is k(w)?
-2
Let g be (0/98)/(2/2). Let k(f) be the third derivative of f**3 - f**2 + g + 1/60*f**5 - 1/3*f**4 + 0*f. What is k(5)?
-9
Let h = 5 - -1. Let x(o) = 6*o - 6. Let j be x(h). Let f be j/45*3/(-2). Let i(d) = -4*d**2 + 1. Determine i(f).
-3
Let n(i) be the third derivative of -i**